pose 2*k = -2*k + 4. Suppose 16*v - 553 + 137 = 0. Suppose 3*q = 5*q + 5*w - v, q = w - k. What is the units digit of q?
3
Suppose 2*q + 2*a = -q + 563, -5*q = 5*a - 935. What is the hundreds digit of q?
1
Suppose 2*i = -4*q + 688, 0 = -0*q + q + 4*i - 179. Suppose -5*f = -39 - q. What is the units digit of f?
2
Let h(v) = -16*v. Let j be h(-4). Let n = j - 11. Let z = n - 20. What is the units digit of z?
3
Let j = -2 - -6. Suppose -4*o = j*z - 556, -3*z + 677 = 2*z - o. Suppose -5*g = -2*g + q - 112, -4*g = -2*q - z. What is the units digit of g?
6
Suppose 0 = -2*b + 3*b + 5, 2*s = 5*b - 73. Let w = s - -58. What is the units digit of w?
9
Suppose 6*d - 120 = 72. Suppose -2*n + 12 = -d. What is the units digit of n?
2
Suppose 3*z = z + 8. Suppose 3*i + z*j = 47, 2*i = -3*j - 9 + 42. Suppose 155 = i*s - 4*s. What is the units digit of s?
1
Let p be 2 + ((-6)/(-18))/(1/12). Let s(t) = 10*t - 3. What is the units digit of s(p)?
7
Suppose -14 = 4*s + 2*y + 42, 0 = 4*s + 4*y + 48. Let t = s + 20. Suppose -t*l + 3*i = -107, i + 1 + 4 = 0. What is the tens digit of l?
2
Suppose 5*o + 15 = 0, p - o = 629 - 131. What is the tens digit of p?
9
Suppose 0 = -6*v + 60 + 66. Suppose 4*q = 31 + v. What is the units digit of q?
3
Let z(r) = 2*r - 7. Let w(h) = -4*h + 1. Let x(t) = t - 1. Let b(v) = w(v) + 6*x(v). Let m be b(7). What is the units digit of z(m)?
1
Suppose 2*a + 5*n - 25 = 0, 4*a + 4*n - 21 = -1. Suppose 5*h - 65 - 275 = a. What is the units digit of h?
8
Suppose 0 = 4*h - h. Let q = h - -21. What is the tens digit of q?
2
Let i(t) = 66*t**2 + 8*t + 15. Let w = -92 - -90. What is the tens digit of i(w)?
6
Suppose 0 = d - 18 + 4. Suppose -v = 5*l - 5*v - 18, -d = -5*l + 2*v. Suppose -l*u + 13 = j, -j + 3*u = u - 9. What is the tens digit of j?
1
Let u(a) = a**3 + 7*a**2 + a + 4. Let k be u(-7). What is the tens digit of (2/k - (-860)/30) + -2?
2
Suppose 0 = -29*v + 28*v. Suppose m = -v*m + 293. What is the units digit of m?
3
Let h(z) = -z**2 - 20*z + 36. Let u be h(14). Let o = -309 - u. What is the tens digit of o?
3
Let s = 674 + -534. What is the hundreds digit of s?
1
Suppose 3*x + 0 + 33 = -2*v, 0 = -3*v - 5*x - 52. What is the tens digit of 8 + v - -1*73?
7
Let z be (-16)/(-2) - 1 - 4. Suppose 6*s - 108 = z*s. What is the tens digit of s?
3
Let o = 407 - -189. What is the units digit of o?
6
Let x(m) = m**3 + 11*m - 19*m**2 + 7*m**2 + 6 + 5*m**2. What is the units digit of x(5)?
1
Suppose -3*a + 7773 = 3*h, 7*a - 9*a - 5*h + 5197 = 0. What is the tens digit of a?
8
Let f = -2517 - -3993. What is the thousands digit of f?
1
Let l(p) = p - 3. Let q be l(8). Suppose n - 219 = -5*r - 2*n, -q*r + 225 = 5*n. What is the tens digit of r?
4
Suppose -2*o - 2099 = -y + 188, -9128 = -4*y - 2*o. What is the units digit of y?
3
Suppose -3*x = -5*y - 2654, -5*x + 3*y + 2658 = -2*x. Suppose 0 = -5*k + x - 98. What is the units digit of k?
8
Let f(g) = -2*g**2 + 1. Let a be f(-2). Let q be (-7)/14 - a/(-2). What is the tens digit of (-101)/q - 4/16?
2
Suppose 2 = 3*y - 4. Let d(w) = 71*w**2 + 1. Let g be d(-1). Suppose -2*m + 29 = n + m, y*n = m + g. What is the tens digit of n?
3
Let s = 8047 + -4629. What is the hundreds digit of s?
4
Suppose 3 - 19 = -4*f. What is the units digit of 57 + (7 - f) + 4?
4
Let s(p) = p**3 - 4*p**2 + 5*p - 3. Let k = 2 + 2. Let i be s(k). What is the tens digit of (1 - 2) + (i - -5)?
2
Suppose -14 = 19*n - 20*n. Suppose 4*i = 5*y - 109 + 33, -n = -y + 2*i. What is the units digit of y?
6
Suppose u = -2*l + 13, 5*u - 2*l - 3*l - 5 = 0. Suppose 0 = -u*t + 293 + 257. What is the tens digit of t?
1
What is the units digit of (-176)/(-3 + 230/80)?
8
Suppose -389 + 9 = -5*b. What is the tens digit of b?
7
Suppose 2*i + p = 15, 3*i - 4 = 5*p - 14. Suppose -i*l + 1578 = -4*j, -7*j = l - 4*j - 308. What is the units digit of l?
4
Suppose 21512 = 34*u - 94530. What is the tens digit of u?
1
Suppose 282 - 10746 = -16*h. What is the units digit of h?
4
Let p be ((-12)/3 - -2)*-1. Let h be 58*p*(-5)/(-4). Suppose -17*a + h = -12*a. What is the units digit of a?
9
Let q(p) = -976*p + 39. What is the thousands digit of q(-2)?
1
Let q(r) = -2*r**2 + 11*r - 7. Let v be q(5). Suppose -384 = 2*l + 3*u - 84, -148 = l + 2*u. What is the units digit of (14/42)/(v/l)?
6
Let t be 0 - (-1 + (-10)/5). Suppose 92 = 3*m - 5*k, 0*m = m + t*k - 12. What is the tens digit of m?
2
Suppose 2*x - x + 5*a = -10, 0 = 5*x - 2*a - 4. Suppose -m + 4 + 185 = x. What is the hundreds digit of m?
1
Suppose 3*s - 7*s + 6 = -2*v, -5*v - 4*s + 41 = 0. Suppose -v*c = -5*t - 270, 4*c - 2*t = 3*t + 213. What is the tens digit of c?
5
What is the tens digit of ((-2960)/(-60))/((-4)/(-18))?
2
Let z(s) = s**2 + 9*s + 16. Let v be z(-7). Let j(o) = -o - 16. Let p be j(-16). Suppose u = -t + 48, v*t - 96 = -p*t + 4*u. What is the tens digit of t?
4
Suppose 5*m = -0*m + 10. Suppose 6 = -0*a + m*a. Suppose a*j - 112 = -r, 2*r + 20 = -2*r. What is the units digit of j?
9
Let x(h) = -h**2 + 4*h - 3. Let p(j) = -4*j + 4. Let b(u) = -4*p(u) - 3*x(u). What is the tens digit of b(-5)?
4
Let m(o) = -o**3 - 47*o**2 - 12*o - 105. What is the tens digit of m(-47)?
5
Let w(t) = 5*t. Let r be w(0). Suppose 0 = -4*a + 3*i + 520, 2*i + r*i = 5*a - 643. What is the hundreds digit of a?
1
Let p(t) = 6*t - 17. Let a be p(7). Suppose 10 = 9*u - 4*u. Suppose a = u*r + 5. What is the tens digit of r?
1
Suppose 0 = 3*g + 2*r - 15, 3*g = 5*g - 4*r + 6. Suppose -3*b = 3*q - 504, 0 = g*b + 2*b + 15. What is the hundreds digit of q?
1
Suppose 157*h - z = 161*h - 8951, -3*h + 6722 = -z. What is the units digit of h?
9
What is the hundreds digit of (-846)/(-15)*(10*-3)/(-2)?
8
Let a(p) be the first derivative of -31*p**2/2 - 2*p - 5. Let b be a(-3). Suppose -3*c + 3*z + 126 = 0, -2*c + 5*c + 4*z = b. What is the tens digit of c?
3
Suppose -3*w + 146 - 2 = 0. Let r be (-50)/100*4*-1. Suppose -r*u + 9 = p - w, 3*p + u = 166. What is the tens digit of p?
5
What is the units digit of (-4)/(12/(-9)) + 6365/19?
8
Suppose -11 = -3*r + 2*t, 4*r = 3*r - 3*t. What is the units digit of (3 + -2)*(3 + r) - -3?
9
Suppose -32 = -2*a - 4*v, -a + 14 = -2*a + 4*v. Suppose -479 - 97 = -a*x. What is the tens digit of x?
9
Suppose 7*o - 45 = 4*o. Suppose -5*s = 7*z - 2*z + o, -3*s = -2*z - 6. Suppose 3*v = -2*y + 32, s = 3*y - 6*y + 2*v + 22. What is the tens digit of y?
1
Suppose 2*o + n - 3 = 0, -o + 2*n - 6 = 3*o. Suppose 3*k + k - 208 = o. What is the tens digit of k?
5
What is the units digit of 12/(-32) + 6483/8?
0
Let c(m) = -m**3 - 6*m**2 + 5*m. Suppose 5*p = -x - 3, 0 = -0*p - 3*p - 3. Suppose -6*f = -x*f + 28. What is the tens digit of c(f)?
1
What is the thousands digit of (-478 + -1)*(-83 + 74)?
4
Let y be 3*(0 - 20/(-12)). Suppose v + 128 = 4*s - 0*v, -4*v = y*s - 160. Let o = s + -17. What is the tens digit of o?
1
Let x(f) = -10 + 8 - 5*f - 4. Let n be x(-9). Let t = n - 27. What is the units digit of t?
2
Let w = -1850 - -2701. What is the hundreds digit of w?
8
Let g(k) = -k**3 - 11*k**2 - 16*k + 5. Let j be g(-12). Suppose 4*d - 256 = -4*n, 3*d + 2*n = 8*d - j. What is the tens digit of d?
6
Suppose -815 = 7*n - 248. Let h = n + 124. What is the units digit of h?
3
Let y(p) = 2*p - 2. Let o be y(3). Let v(f) = -4*f + 29. Let m be v(-6). What is the units digit of 3/o + m/4?
4
Suppose 235*i - 232*i - 2*x = 6546, -i - 5*x = -2199. What is the thousands digit of i?
2
Let g(b) = 5*b**3 - b**2 + 2. Let o be g(2). What is the tens digit of o - (7 - 3 - 8)?
4
Suppose 23464 = 1952*o - 1945*o. What is the units digit of o?
2
What is the tens digit of ((-7838)/8)/((-84)/336)?
1
Suppose -159*l = -163*l + 5100. What is the thousands digit of l?
1
Suppose 0 = 2*v + 2*v - 72. What is the units digit of (6/(-4))/((-8)/(4416/v))?
6
Let p(u) = -79*u - 5. Suppose 5*i = w - 19, 8*w = 3*w - 5. What is the hundreds digit of p(i)?
3
Suppose -7*v + 2596 = 15*v. What is the hundreds digit of v?
1
Let q = 26 - 56. Let a = q + 127. What is the tens digit of a?
9
Let q be (5 - -1)/(2*1). Suppose 2*h - 43 = q*f, 2*f + 3*h = 4*f + 27. Let r = f + 67. What is the units digit of r?
2
Suppose 5*z = 72 + 48. Suppose -3*w - 2*d - z = -291, -267 = -3*w + d. What is the units digit of w?
9
Let r(q) = -q**2 + 5*q - 4. Let v be r(4). Let